{"id":2,"date":"2024-03-27T21:23:43","date_gmt":"2024-03-27T19:23:43","guid":{"rendered":"https:\/\/www.oulunkeilailuliitto.fi\/?page_id=2"},"modified":"2026-05-03T18:35:56","modified_gmt":"2026-05-03T15:35:56","slug":"etusivu","status":"publish","type":"page","link":"https:\/\/www.oulunkeilailuliitto.fi\/","title":{"rendered":"Etusivu"},"content":{"rendered":"\t\t<div data-elementor-type=\"wp-page\" data-elementor-id=\"2\" class=\"elementor elementor-2\">\n\t\t\t\t<div class=\"elementor-element elementor-element-f23d359 e-flex e-con-boxed e-con e-parent\" data-id=\"f23d359\" data-element_type=\"container\">\n\t\t\t\t\t<div class=\"e-con-inner\">\n\t\t\t\t<div class=\"elementor-element elementor-element-230efdb elementor-widget elementor-widget-text-editor\" data-id=\"230efdb\" data-element_type=\"widget\" data-widget_type=\"text-editor.default\">\n\t\t\t\t<div class=\"elementor-widget-container\">\n\t\t\t\t\t\t\t\t\t<p><strong>Nord Senior Tour 2025-2026<\/strong> <a href=\"https:\/\/www.oulunkeilailuliitto.fi\/wp-content\/uploads\/2025\/05\/Nord-Senior-Tour-2025-2026-juliste.pdf\">kutsu<\/a>, <a href=\"https:\/\/www.oulunkeilailuliitto.fi\/wp-content\/uploads\/2025\/05\/Nord-Senior-Tour-Saannot-2025-2026.pdf\">s\u00e4\u00e4nn\u00f6t<\/a><\/p><p><strong><a href=\"https:\/\/www.keilailu.fi\/wp-content\/uploads\/2025\/06\/Kilpailusaannot-2025-2026-voimaan-1.7.2025.pdf?_gl=1*np6rlj*_up*MQ..*_ga*MTUxNjk4MTU0NS4xNzUxMzAzODY1*_ga_SPB2M7CZ8X*czE3NTEzMDM4NjQkbzEkZzAkdDE3NTEzMDM4NjQkajYwJGwwJGgw\">Kilpailus\u00e4\u00e4nn\u00f6t<\/a> 1.7.2025 J\u00e4lkeen alkavissa kilpailuissa pallon pinnan muokkaaminen kesken kilpailun on kielletty.<br \/><\/strong><strong> L\u00e4mmittelyn aikana pallon pinnan muokkaaminen on sallittua.<\/strong><\/p>\t\t\t\t\t\t\t\t<\/div>\n\t\t\t\t<\/div>\n\t\t\t\t\t<\/div>\n\t\t\t\t<\/div>\n\t\t<div class=\"elementor-element elementor-element-c6eb319 e-flex e-con-boxed e-con e-parent\" data-id=\"c6eb319\" data-element_type=\"container\">\n\t\t\t\t\t<div class=\"e-con-inner\">\n\t\t\t\t<div class=\"elementor-element elementor-element-2e35382 elementor-widget-divider--view-line elementor-widget elementor-widget-divider\" data-id=\"2e35382\" data-element_type=\"widget\" data-widget_type=\"divider.default\">\n\t\t\t\t<div class=\"elementor-widget-container\">\n\t\t\t\t\t\t\t<div class=\"elementor-divider\">\n\t\t\t<span class=\"elementor-divider-separator\">\n\t\t\t\t\t\t<\/span>\n\t\t<\/div>\n\t\t\t\t\t\t<\/div>\n\t\t\t\t<\/div>\n\t\t\t\t\t<\/div>\n\t\t\t\t<\/div>\n\t\t<div class=\"elementor-element elementor-element-cdae97c e-flex e-con-boxed e-con e-parent\" data-id=\"cdae97c\" data-element_type=\"container\">\n\t\t\t\t\t<div class=\"e-con-inner\">\n\t\t\t\t<div class=\"elementor-element elementor-element-7c2bc36 elementor-widget elementor-widget-text-editor\" data-id=\"7c2bc36\" data-element_type=\"widget\" data-widget_type=\"text-editor.default\">\n\t\t\t\t<div class=\"elementor-widget-container\">\n\t\t\t\t\t\t\t\t\t<p style=\"padding-left: 40px;\"><strong>Oulun Keilahalli \u00a0 <\/strong><a href=\"https:\/\/www.oulunkeilailuliitto.fi\/?page_id=815\">Omat kisat ja tiedotukset<\/a><\/p><ul><li><strong>KarhuKoplan kaatoapaja 23.3.2026 &#8211; 3.5.2026<br \/><\/strong><a href=\"https:\/\/www.oulunkeilailuliitto.fi\/wp-content\/uploads\/2026\/03\/KarKo-kaatoapaja-2026.pdf\">Kutsu<\/a> \/ <a href=\"https:\/\/www.oulunkeilailuliitto.fi\/wp-content\/uploads\/2026\/03\/Karko2026.pdf\">Olosuhde<\/a> \/ <a href=\"https:\/\/kilpailut.keilailu.fi\/competitions\/22317\/\">Tulosseuranta<\/a> \/ <a href=\"https:\/\/www.oulunkeilailuliitto.fi\/wp-content\/uploads\/2026\/05\/KarhuKoplan-Kaatoapajan-pottilaskelma.pdf\">Palkintolaskelma<\/a> \/ <a href=\"https:\/\/kilpailut.keilailu.fi\/competitions\/22318\/\">Lopputulokset<\/a><\/li><li><strong>DC:n Kev\u00e4tt\u00f6r\u00e4t 2026\u00a0 \u00a04.5.-31.5.2026<br \/><\/strong><a href=\"https:\/\/www.oulunkeilailuliitto.fi\/wp-content\/uploads\/2026\/04\/DCKevattorat2026_260410_132149.pdf\">Kutsu<\/a> \/ <a href=\"https:\/\/www.oulunkeilailuliitto.fi\/wp-content\/uploads\/2026\/04\/KevatDC2026.pdf\">Olosuhde<\/a> \/ <a href=\"https:\/\/kilpailut.keilailu.fi\/competitions\/22763\/\">Tulosseuranta<\/a><\/li><\/ul>\t\t\t\t\t\t\t\t<\/div>\n\t\t\t\t<\/div>\n\t\t\t\t<div class=\"elementor-element elementor-element-5409e4e elementor-widget-divider--view-line elementor-widget elementor-widget-divider\" data-id=\"5409e4e\" data-element_type=\"widget\" data-widget_type=\"divider.default\">\n\t\t\t\t<div class=\"elementor-widget-container\">\n\t\t\t\t\t\t\t<div class=\"elementor-divider\">\n\t\t\t<span class=\"elementor-divider-separator\">\n\t\t\t\t\t\t<\/span>\n\t\t<\/div>\n\t\t\t\t\t\t<\/div>\n\t\t\t\t<\/div>\n\t\t\t\t\t<\/div>\n\t\t\t\t<\/div>\n\t\t<div class=\"elementor-element elementor-element-4f4c9df e-flex e-con-boxed e-con e-parent\" data-id=\"4f4c9df\" data-element_type=\"container\">\n\t\t\t\t\t<div class=\"e-con-inner\">\n\t\t\t\t<div class=\"elementor-element elementor-element-ccc3b4c elementor-widget elementor-widget-text-editor\" data-id=\"ccc3b4c\" data-element_type=\"widget\" data-widget_type=\"text-editor.default\">\n\t\t\t\t<div class=\"elementor-widget-container\">\n\t\t\t\t\t\t\t\t\t<p style=\"padding-left: 40px;\"><strong>Alppila Bowling \u00a0 <\/strong><a href=\"https:\/\/www.oulunkeilailuliitto.fi\/?page_id=1299\">Omat kisat ja tiedotukset<\/a>\u00a0 \u00a0 \u00a0<\/p><ul><li style=\"list-style-type: none;\"><ul><li><strong>Kev\u00e4t T\u00f6tter\u00f6t 19.4.-2.6.2026<br \/><\/strong><a href=\"https:\/\/www.oulunkeilailuliitto.fi\/wp-content\/uploads\/2026\/04\/Kevat-Totterot-1.pdf\">Kutsu<\/a> \/ <a href=\"https:\/\/www.oulunkeilailuliitto.fi\/wp-content\/uploads\/2026\/04\/okl.jpg\">Olosuhde<\/a> \/ <a href=\"https:\/\/kilpailut.keilailu.fi\/competitions\/22613\/\">Tulosseuranta<\/a><\/li><\/ul><\/li><\/ul>\t\t\t\t\t\t\t\t<\/div>\n\t\t\t\t<\/div>\n\t\t\t\t<div class=\"elementor-element elementor-element-e952fbf elementor-widget-divider--view-line elementor-widget elementor-widget-divider\" data-id=\"e952fbf\" data-element_type=\"widget\" data-widget_type=\"divider.default\">\n\t\t\t\t<div class=\"elementor-widget-container\">\n\t\t\t\t\t\t\t<div class=\"elementor-divider\">\n\t\t\t<span class=\"elementor-divider-separator\">\n\t\t\t\t\t\t<\/span>\n\t\t<\/div>\n\t\t\t\t\t\t<\/div>\n\t\t\t\t<\/div>\n\t\t\t\t\t<\/div>\n\t\t\t\t<\/div>\n\t\t<div class=\"elementor-element elementor-element-a27e2d5 e-flex e-con-boxed e-con e-parent\" data-id=\"a27e2d5\" data-element_type=\"container\">\n\t\t\t\t\t<div class=\"e-con-inner\">\n\t\t\t\t<div class=\"elementor-element elementor-element-078c338 elementor-widget elementor-widget-text-editor\" data-id=\"078c338\" data-element_type=\"widget\" data-widget_type=\"text-editor.default\">\n\t\t\t\t<div class=\"elementor-widget-container\">\n\t\t\t\t\t\t\t\t\t<p style=\"padding-left: 40px;\"><strong>Boulis Kempele \u00a0<\/strong> <a href=\"https:\/\/www.oulunkeilailuliitto.fi\/?page_id=1313\">Omat kisat ja tiedotukset<\/a><\/p>\t\t\t\t\t\t\t\t<\/div>\n\t\t\t\t<\/div>\n\t\t\t\t<div class=\"elementor-element elementor-element-8003e02 elementor-widget-divider--view-line elementor-widget elementor-widget-divider\" data-id=\"8003e02\" data-element_type=\"widget\" data-widget_type=\"divider.default\">\n\t\t\t\t<div class=\"elementor-widget-container\">\n\t\t\t\t\t\t\t<div class=\"elementor-divider\">\n\t\t\t<span class=\"elementor-divider-separator\">\n\t\t\t\t\t\t<\/span>\n\t\t<\/div>\n\t\t\t\t\t\t<\/div>\n\t\t\t\t<\/div>\n\t\t\t\t\t<\/div>\n\t\t\t\t<\/div>\n\t\t<div class=\"elementor-element elementor-element-83baeb8 e-flex e-con-boxed e-con e-parent\" data-id=\"83baeb8\" data-element_type=\"container\">\n\t\t\t\t\t<div class=\"e-con-inner\">\n\t\t\t\t\t<\/div>\n\t\t\t\t<\/div>\n\t\t\t\t<\/div>\n\t\t","protected":false},"excerpt":{"rendered":"<p>Nord Senior Tour 2025-2026 kutsu, s\u00e4\u00e4nn\u00f6t Kilpailus\u00e4\u00e4nn\u00f6t 1.7.2025 J\u00e4lkeen alkavissa kilpailuissa pallon pinnan muokkaaminen kesken kilpailun on kielletty. L\u00e4mmittelyn aikana pallon pinnan muokkaaminen on sallittua. Oulun Keilahalli \u00a0 Omat kisat ja tiedotukset KarhuKoplan kaatoapaja 23.3.2026 &#8211; 3.5.2026Kutsu \/ Olosuhde \/ Tulosseuranta \/ Palkintolaskelma \/ Lopputulokset DC:n Kev\u00e4tt\u00f6r\u00e4t 2026\u00a0 \u00a04.5.-31.5.2026Kutsu \/ Olosuhde \/ Tulosseuranta Alppila Bowling &#8230; <a title=\"Etusivu\" class=\"read-more\" href=\"https:\/\/www.oulunkeilailuliitto.fi\/\" aria-label=\"Lue lis\u00e4\u00e4 aiheesta Etusivu\">Lue lis\u00e4\u00e4<\/a><\/p>\n","protected":false},"author":1,"featured_media":0,"parent":0,"menu_order":0,"comment_status":"closed","ping_status":"closed","template":"","meta":{"footnotes":""},"class_list":["post-2","page","type-page","status-publish"],"_links":{"self":[{"href":"https:\/\/www.oulunkeilailuliitto.fi\/index.php?rest_route=\/wp\/v2\/pages\/2","targetHints":{"allow":["GET"]}}],"collection":[{"href":"https:\/\/www.oulunkeilailuliitto.fi\/index.php?rest_route=\/wp\/v2\/pages"}],"about":[{"href":"https:\/\/www.oulunkeilailuliitto.fi\/index.php?rest_route=\/wp\/v2\/types\/page"}],"author":[{"embeddable":true,"href":"https:\/\/www.oulunkeilailuliitto.fi\/index.php?rest_route=\/wp\/v2\/users\/1"}],"replies":[{"embeddable":true,"href":"https:\/\/www.oulunkeilailuliitto.fi\/index.php?rest_route=%2Fwp%2Fv2%2Fcomments&post=2"}],"version-history":[{"count":1059,"href":"https:\/\/www.oulunkeilailuliitto.fi\/index.php?rest_route=\/wp\/v2\/pages\/2\/revisions"}],"predecessor-version":[{"id":4772,"href":"https:\/\/www.oulunkeilailuliitto.fi\/index.php?rest_route=\/wp\/v2\/pages\/2\/revisions\/4772"}],"wp:attachment":[{"href":"https:\/\/www.oulunkeilailuliitto.fi\/index.php?rest_route=%2Fwp%2Fv2%2Fmedia&parent=2"}],"curies":[{"name":"wp","href":"https:\/\/api.w.org\/{rel}","templated":true}]}}