{"id":615,"date":"2024-05-06T21:38:09","date_gmt":"2024-05-06T18:38:09","guid":{"rendered":"https:\/\/www.oulunkeilailuliitto.fi\/?page_id=615"},"modified":"2026-04-15T17:58:54","modified_gmt":"2026-04-15T14:58:54","slug":"nord-senior-tour","status":"publish","type":"page","link":"https:\/\/www.oulunkeilailuliitto.fi\/?page_id=615","title":{"rendered":"Nord Senior Tour"},"content":{"rendered":"\t\t<div data-elementor-type=\"wp-page\" data-elementor-id=\"615\" class=\"elementor elementor-615\">\n\t\t\t\t<div class=\"elementor-element elementor-element-776883c e-flex e-con-boxed e-con e-parent\" data-id=\"776883c\" data-element_type=\"container\">\n\t\t\t\t\t<div class=\"e-con-inner\">\n\t\t\t\t<div class=\"elementor-element elementor-element-5c8b5a7 elementor-widget elementor-widget-text-editor\" data-id=\"5c8b5a7\" data-element_type=\"widget\" data-widget_type=\"text-editor.default\">\n\t\t\t\t<div class=\"elementor-widget-container\">\n\t\t\t\t\t\t\t\t\t<p><strong>Kausi 2025-2026<\/strong><\/p><p><a href=\"https:\/\/www.oulunkeilailuliitto.fi\/wp-content\/uploads\/2026\/01\/Nord-Senior-Tour-2026-kiertue-finaali-ohjelma-ja-lopulliset-palkinnot.pdf\"><strong>Finaalin aikataulut + palkinnot<\/strong><\/a><\/p><p><strong>Miesten finaalin tulokset <a href=\"https:\/\/www.oulunkeilailuliitto.fi\/wp-content\/uploads\/2026\/04\/NST-kiertue-finaali-6-sarjaa.pdf\">6 sarjaa<\/a>, <a href=\"https:\/\/www.oulunkeilailuliitto.fi\/wp-content\/uploads\/2026\/04\/NST-kiertue-finaali-miehet-play-off-tulokset.pdf\">Playoffit<\/a><\/strong><\/p><p><strong>Naisten <a href=\"https:\/\/www.oulunkeilailuliitto.fi\/wp-content\/uploads\/2026\/04\/NST-kiertue-finaali-naiset.pdf\">Tulokset<\/a><\/strong><\/p><p><a href=\"https:\/\/www.oulunkeilailuliitto.fi\/wp-content\/uploads\/2026\/04\/NST-kiertuefinaali-olosuhde-2026.pdf\"><strong>Olosuhde<\/strong><\/a><\/p><p>\u00a0<\/p><div class=\"v1elementToProof\"><strong>Pohjoinen lohko<\/strong>;<\/div><div class=\"v1elementToProof\">Santasport Senior Open 2025\u00a0 \u00a0 \u00a0 \u00a0 22.09.-26.10.2025<\/div><div class=\"v1elementToProof\"><a href=\"https:\/\/www.oulunkeilailuliitto.fi\/wp-content\/uploads\/2025\/10\/Santasport-Senior-Open-25-26.pdf\">Kutsu<\/a> \/ <a href=\"https:\/\/www.oulunkeilailuliitto.fi\/wp-content\/uploads\/2025\/10\/Santasport-Senior-Open-keli-25-26.pdf\">olosuhde<\/a> \/ <a href=\"https:\/\/www.rovaniemenkeilailuliitto.com\/erikoiskilpailut\/tulos_229.htm\">tulosseuranta<\/a> \/<a href=\"https:\/\/www.rovaniemenkeilailuliitto.com\/erikoiskilpailut\/tulos_230.htm\">tour- miehet<\/a>, <a href=\"https:\/\/www.rovaniemenkeilailuliitto.com\/erikoiskilpailut\/tulos_231.htm\">tour- naiset<\/a><\/div><div class=\"v1elementToProof\">Tornio Senior Open 2025\u00a0 \u00a0 \u00a0 \u00a0 \u00a0 \u00a0 \u00a0 \u00a0 \u00a0 \u00a003.11.-14.12.2025<\/div><div class=\"v1elementToProof\"><a href=\"https:\/\/www.oulunkeilailuliitto.fi\/wp-content\/uploads\/2025\/10\/Tornio-Senior-Open-2025prosenttikisa.pdf\">Kutsu<\/a> \/ <a href=\"https:\/\/www.oulunkeilailuliitto.fi\/wp-content\/uploads\/2025\/10\/Tornio-Senior-Open-2025-olosuhde.pdf\">olosuhde<\/a> \/ <a href=\"https:\/\/www.keilailu.nettihotelli.com\/tornio\/erikoiskilpailut\/tulos_203.htm\">tulosseuranta<\/a> \/ <a href=\"https:\/\/www.keilailu.nettihotelli.com\/tornio\/erikoiskilpailut\/tulos_205.htm\">tour-miehet<\/a>, <a href=\"https:\/\/www.keilailu.nettihotelli.com\/tornio\/erikoiskilpailut\/tulos_206.htm\">tour-naiset<\/a><\/div><div class=\"v1elementToProof\">Vuokatti Senior Open 2026\u00a0 \u00a0 \u00a0 \u00a0 \u00a0 \u00a0 \u00a0 \u00a002.01.-08.02.2026<\/div><div class=\"v1elementToProof\"><a href=\"https:\/\/www.oulunkeilailuliitto.fi\/wp-content\/uploads\/2025\/12\/Vuokatti-Senior-Open-2026.gif\">Kutsu<\/a> \/ <a href=\"https:\/\/www.oulunkeilailuliitto.fi\/wp-content\/uploads\/2025\/12\/Vuokatti-Senior-Open-2026-olosuhde.pdf\">olosuhde<\/a> \/ <a href=\"https:\/\/kilpailut.keilailu.fi\/competitions\/21469\/\">tulosseuranta<\/a> \/ <a href=\"https:\/\/kilpailut.keilailu.fi\/competitions\/21470\/\">tour-miehet<\/a>, <a href=\"https:\/\/kilpailut.keilailu.fi\/competitions\/21471\/\">tour-naiset<\/a><\/div><div class=\"v1elementToProof\">OLS No Urethane Senior Open\u00a0 \u00a0 \u00a0 \u00a0 \u00a0 09.02.-22.03.2026<\/div><div><a href=\"https:\/\/www.oulunkeilailuliitto.fi\/wp-content\/uploads\/2026\/02\/2026_Kevat_NordSenior.pdf\">Kutsu<\/a> \/ <a href=\"https:\/\/www.oulunkeilailuliitto.fi\/wp-content\/uploads\/2026\/02\/2026_Kevat_NordSenior_olosuhde.pdf\">olosuhde<\/a> \/ <a href=\"https:\/\/kilpailut.keilailu.fi\/competitions\/21907\/\">tulosseuranta<\/a> \/ <a href=\"https:\/\/kilpailut.keilailu.fi\/competitions\/21908\/\">tour-miehet<\/a>, <a href=\"https:\/\/kilpailut.keilailu.fi\/competitions\/21909\/\">tour-naiset<\/a><\/div><div class=\"v1elementToProof\"><strong><a href=\"https:\/\/www.oulunkeilailuliitto.fi\/wp-content\/uploads\/2026\/03\/Pohjoinen-lohko-lopullinen-pistetilanne-22.3.pdf\">Lopullinen pistetilanne pohjoinen<\/a><\/strong><\/div><div class=\"v1elementToProof\">\u00a0<\/div><div class=\"v1elementToProof\"><strong>L\u00e4ntinen lohko<\/strong>;<\/div><div class=\"v1elementToProof\">Pietarsaari Senior Open 2025\u00a0 \u00a0 \u00a0 \u00a0 \u00a0 \u00a006.10.-15.11.2025<\/div><div class=\"v1elementToProof\"><a href=\"https:\/\/www.oulunkeilailuliitto.fi\/wp-content\/uploads\/2025\/10\/Pietarsaari-Senior-Open-2025.jpg\">Kutsu<\/a> \/ <a href=\"https:\/\/www.oulunkeilailuliitto.fi\/wp-content\/uploads\/2025\/10\/Pietarsaari-Senior-Open-2025-olosuhde.pdf\">Olosuhde<\/a> \/ <a href=\"https:\/\/www.keilailu.nettihotelli.com\/pietarsaari\/erikoiskilpailut\/tulos_202.htm\">tulosseuranta<\/a> \/ <a href=\"https:\/\/www.keilailu.nettihotelli.com\/pietarsaari\/erikoiskilpailut\/tulos_204.htm\">tour- miehet<\/a>, <a href=\"https:\/\/www.keilailu.nettihotelli.com\/pietarsaari\/erikoiskilpailut\/tulos_205.htm\">tour- naiset<\/a><\/div><div class=\"v1elementToProof\">Kokkola Senior Open\u00a0 2025\u00a0 \u00a0 \u00a0 \u00a0 \u00a0 \u00a0 \u00a0 \u00a013.10.-16.11.2025<\/div><div class=\"v1elementToProof\"><a href=\"https:\/\/www.oulunkeilailuliitto.fi\/wp-content\/uploads\/2025\/10\/KOKKOLA-SENIOR-OPEN-2025.pdf\">Kutsu<\/a> \/ <a href=\"https:\/\/www.oulunkeilailuliitto.fi\/wp-content\/uploads\/2025\/10\/Kokkola-Senior-Open-olosuhde-2025.pdf\">Olosuhde<\/a> \/ <a href=\"https:\/\/www.keilailu.nettihotelli.com\/kokkola\/erikoiskilpailut\/tulos_203.htm\">Tulosseuranta<\/a> \/ <a href=\"https:\/\/www.keilailu.nettihotelli.com\/kokkola\/erikoiskilpailut\/tulos_205.htm\">tour- miehet, tour- naiset<\/a><\/div><div class=\"v1elementToProof\">Vaasa Senior Open 2026\u00a0 \u00a0 \u00a0 \u00a0 \u00a0 \u00a0 \u00a0 \u00a0 \u00a0 \u00a016.02.-14.03.2026<\/div><div class=\"v1elementToProof\"><a href=\"https:\/\/www.oulunkeilailuliitto.fi\/wp-content\/uploads\/2026\/02\/Vaasa-Senior-Open-2026.pdf\">Kutsu<\/a> \/ <a href=\"https:\/\/www.oulunkeilailuliitto.fi\/wp-content\/uploads\/2026\/02\/Vaasa-Senior-Open-2026-olosuhde.pdf\">olosuhde<\/a> \/ <a href=\"https:\/\/www.bowldata.com\/Tavlingar\/vTulos.php?kausi=2526&amp;halli=38-01&amp;vk=0\">tulosseuranta \/ tour-miehet, tour-naiset<\/a><\/div><div class=\"v1elementToProof\">Sein\u00e4joki Senior Open 2026\u00a0 \u00a0 \u00a0 \u00a0 \u00a0 \u00a0 02.02.-15.03.2026<\/div><div><a href=\"https:\/\/www.oulunkeilailuliitto.fi\/wp-content\/uploads\/2026\/01\/Seinajoki-Senior-Open-2026.jpg\">Kutsu<\/a> \/ <a href=\"https:\/\/www.oulunkeilailuliitto.fi\/wp-content\/uploads\/2026\/01\/Seinajoki-Senior-Open-2026-olosuhde.jpg\">olosuhde<\/a> \/ <a href=\"https:\/\/www.bowldata.com\/Tavlingar\/vTulos.php?kausi=2526&amp;halli=34-01&amp;vk=0\">tulosseuranta \/ tour-miehet, tour-naiset<\/a><\/div><div class=\"v1elementToProof\"><strong><a href=\"https:\/\/www.oulunkeilailuliitto.fi\/wp-content\/uploads\/2026\/03\/Lantinen-lohko-lopullinen-pistetilanne-15.03.pdf\">Lopullinen pistetilanne l\u00e4ntinen<\/a><\/strong><\/div><div class=\"v1elementToProof\">\u00a0<\/div><div class=\"v1elementToProof\"><strong>It\u00e4inen lohko<\/strong>;<\/div><div class=\"v1elementToProof\">JPP Service Senior Open 2025\u00a0 \u00a0 \u00a0 \u00a023.09.-02.11.2025<\/div><div class=\"v1elementToProof\"><a href=\"https:\/\/www.oulunkeilailuliitto.fi\/wp-content\/uploads\/2025\/10\/JPP-Senior-Open.pdf\">Kutsu<\/a> \/ <a href=\"https:\/\/www.oulunkeilailuliitto.fi\/wp-content\/uploads\/2025\/10\/JPP-Service-OpenSeniori-Openolosuhde.pdf\">Olosuhde<\/a> \/ <a href=\"https:\/\/kilpailut.keilailu.fi\/competitions\/20625\/\">tulosseuranta<\/a> \/ <a href=\"https:\/\/kilpailut.keilailu.fi\/competitions\/20637\/\">tour- miehet<\/a>, <a href=\"https:\/\/kilpailut.keilailu.fi\/competitions\/20638\/\">tour- naiset<\/a><\/div><div class=\"v1elementToProof\">\u00c4\u00e4nekoski Senior Open 2025\u00a0 \u00a0 \u00a0 \u00a0 \u00a003.11.-14.12.2025<\/div><div><a href=\"https:\/\/www.oulunkeilailuliitto.fi\/wp-content\/uploads\/2025\/10\/Aanekoski-Senior-Open-2025.png\">Kutsu<\/a> \/ <a href=\"https:\/\/www.oulunkeilailuliitto.fi\/wp-content\/uploads\/2025\/10\/Aanekoski-Senior-Open-2025-olosuhde.pdf\">olosuhde<\/a> \/ <a href=\"https:\/\/kilpailut.keilailu.fi\/competitions\/20776\">tulosseuranta<\/a> \/ <a href=\"https:\/\/kilpailut.keilailu.fi\/competitions\/20997\">tour-miehet<\/a>, <a href=\"https:\/\/kilpailut.keilailu.fi\/competitions\/20998\/\">tour-naiset<\/a><\/div><div class=\"v1elementToProof\">Rauhalahti Senior Open 2025\u00a0 \u00a0 \u00a0 \u00a019.11.-06.01.2026<\/div><div class=\"v1elementToProof\"><a href=\"https:\/\/www.oulunkeilailuliitto.fi\/wp-content\/uploads\/2025\/11\/Rauhalahti-Senior-Open-2025.pdf\">Kutsu<\/a> \/ <a href=\"https:\/\/www.oulunkeilailuliitto.fi\/wp-content\/uploads\/2025\/11\/RB-Senior-Open-olosuhde.pdf\">olosuhde<\/a> \/ <a href=\"https:\/\/kilpailut.keilailu.fi\/competitions\/21148\/\">tulosseuranta<\/a> \/ <a href=\"https:\/\/kilpailut.keilailu.fi\/competitions\/21154\/\">tour-miehet<\/a>, <a href=\"https:\/\/kilpailut.keilailu.fi\/competitions\/21155\/\">tour-naiset<\/a><\/div><div class=\"v1elementToProof\">Jyv\u00e4skyl\u00e4 Senior Open 2026\u00a0 \u00a0 \u00a0 \u00a0 \u00a0 05.01.-15.02.2026<\/div><div class=\"v1elementToProof\"><a href=\"https:\/\/www.oulunkeilailuliitto.fi\/wp-content\/uploads\/2025\/12\/Jyvaskyla-Senior-Open-2026.jpg\">Kutsu<\/a> \/ <a href=\"https:\/\/www.oulunkeilailuliitto.fi\/wp-content\/uploads\/2025\/12\/Jyvaskyla-Senior-Open-olosuhde-2026.pdf\">olosuhde<\/a> \/ <a href=\"https:\/\/jyvaskylankeilahalli.fi\/erikoiskilpailut\/tulos_264.htm\">tulosseuranta<\/a> \/ <a href=\"https:\/\/jyvaskylankeilahalli.fi\/erikoiskilpailut\/tulos_266.htm\">tour-miehet<\/a>, <a href=\"https:\/\/jyvaskylankeilahalli.fi\/erikoiskilpailut\/tulos_267.htm\">tour-naiset<\/a><\/div><div class=\"v1elementToProof\">Keilakukko Senior Open 2026\u00a0 \u00a0 \u00a0 16.02.-22.03.2026<\/div><div><a href=\"https:\/\/www.oulunkeilailuliitto.fi\/wp-content\/uploads\/2026\/02\/Keilakukko-Senior-Open-2026.pdf\">Kutsu<\/a> \/ <a href=\"https:\/\/www.oulunkeilailuliitto.fi\/wp-content\/uploads\/2026\/02\/Keilakukko-Senior-Open-olosuhde.pdf\">olosuhde<\/a> \/ <a href=\"https:\/\/kilpailut.keilailu.fi\/competitions\/21994\/\">tulosseuranta<\/a> \/ <a href=\"https:\/\/kilpailut.keilailu.fi\/competitions\/22041\/\">tour-miehet<\/a>, <a href=\"https:\/\/kilpailut.keilailu.fi\/competitions\/22040\/\">tour-naiset<\/a><\/div><div class=\"v1elementToProof\"><strong><a href=\"https:\/\/www.oulunkeilailuliitto.fi\/wp-content\/uploads\/2026\/03\/Itainen-lohko-lopullinen-pistetilanne-22.03.pdf\">Lopullinen pistetilanne it\u00e4inen<\/a><\/strong><\/div><div class=\"v1elementToProof\">\u00a0<\/div><div class=\"v1elementToProof\">\u00a0<\/div><div class=\"v1elementToProof\">Kiertue finaalit\u00a0 \u00a0 2026\u00a0 \u00a0 \u00a0<\/div><div class=\"v1elementToProof\">naiset\u00a0 \u00a0 \u00a0 11.04.<\/div><div class=\"v1elementToProof\">miehet\u00a0 \u00a0 \u00a012.04<\/div>\t\t\t\t\t\t\t\t<\/div>\n\t\t\t\t<\/div>\n\t\t\t\t\t<\/div>\n\t\t\t\t<\/div>\n\t\t<div class=\"elementor-element elementor-element-c7e63cc e-flex e-con-boxed e-con e-parent\" data-id=\"c7e63cc\" data-element_type=\"container\">\n\t\t\t\t\t<div class=\"e-con-inner\">\n\t\t\t\t<div class=\"elementor-element elementor-element-acd5083 elementor-widget elementor-widget-text-editor\" data-id=\"acd5083\" data-element_type=\"widget\" data-widget_type=\"text-editor.default\">\n\t\t\t\t<div class=\"elementor-widget-container\">\n\t\t\t\t\t\t\t\t\t<p><strong>Kausi 2024-2025<\/strong><\/p><p><a href=\"https:\/\/www.oulunkeilailuliitto.fi\/wp-content\/uploads\/2024\/09\/Nord-Senior-Tour-2024-2025v2.pdf\">Kutsu<\/a><br \/><a href=\"https:\/\/www.oulunkeilailuliitto.fi\/wp-content\/uploads\/2024\/09\/Saannot-Nord-Senior-Tour-2024-2025v2.pdf\">S\u00e4\u00e4nn\u00f6t<\/a><br \/><a href=\"https:\/\/www.oulunkeilailuliitto.fi\/wp-content\/uploads\/2025\/03\/NORD-SENIOR-TOUR-Pohjoiset-tulokset-2024-2025-1.pdf\">Pohjoisen lohkon lopputilanne<\/a> <br \/><a href=\"https:\/\/www.oulunkeilailuliitto.fi\/wp-content\/uploads\/2025\/03\/NORD-SENIOR-TOUR-Lantiset-tulokset-2024-2025.pdf\">L\u00e4ntisen lohkon lopputilanne<\/a><\/p><p><a href=\"https:\/\/www.oulunkeilailuliitto.fi\/wp-content\/uploads\/2025\/01\/NST-Kiertue-finaali-2024-2025.pdf\">Kiertue finaalin ohjelma ja palkinnot<\/a><\/p><p><a href=\"https:\/\/www.oulunkeilailuliitto.fi\/wp-content\/uploads\/2025\/03\/Nord-Senior-Tour-Finaali-2024-2025.pdf\">Kiertue finaalin rataolosuhde<\/a><\/p><p><a href=\"https:\/\/kokkolankeilahalli.fi\/uutiset\/2123\/nord-senior-tour-kiertuefinaali\"><strong>Kiertue finaalin lopputulokset<\/strong><\/a><\/p><div><span style=\"font-size: large;\">Pohjoinen lohko;<\/span><\/div><div><span style=\"font-size: large;\">Ops Senior Open\u00a0 Oulu Alppila\u00a0 \u00a0 \u00a0 \u00a0 \u00a0 \u00a0 27.09.-03.11.2024<\/span><\/div><div><a href=\"https:\/\/www.oulunkeilailuliitto.fi\/wp-content\/uploads\/2024\/09\/Ops_juliste2.jpg\">kutsu<\/a> \/ <a href=\"https:\/\/www.oulunkeilailuliitto.fi\/wp-content\/uploads\/2024\/09\/SENIOR-OPEN.jpg\">olosuhde<\/a> \/ <a href=\"https:\/\/kilpailut.keilailu.fi\/competitions\/17726\/\">tulosseuranta<\/a> \/ <a href=\"https:\/\/kilpailut.keilailu.fi\/competitions\/17763\/\">tourilaiset<\/a> \/ <a href=\"https:\/\/www.oulunkeilailuliitto.fi\/wp-content\/uploads\/2024\/11\/OPS-senior-open-2024.pdf\">Lopputulokset<\/a><\/div><div><span style=\"font-size: large;\">Vuokatti Senior Open\u00a0 Vuokatti\u00a0 \u00a0 \u00a0 \u00a0 \u00a0 \u00a0 28.10.-08.12.2024<\/span><\/div><div><a href=\"https:\/\/www.oulunkeilailuliitto.fi\/wp-content\/uploads\/2024\/10\/Vuokatti-Senior-Open-2024.pdf\">kutsu<\/a> \/ <a href=\"https:\/\/www.oulunkeilailuliitto.fi\/wp-content\/uploads\/2024\/10\/Vuokatin-olosuhde.pdf\">olosuhde<\/a> \/ <a href=\"https:\/\/kilpailut.keilailu.fi\/competitions\/18050\/\">tulosseuranta<\/a> \/ <a href=\"https:\/\/kilpailut.keilailu.fi\/competitions\/18051\">tour-miehet<\/a> \/ <a href=\"https:\/\/kilpailut.keilailu.fi\/competitions\/18052\">tour- naiset<\/a> \/ <a href=\"https:\/\/www.oulunkeilailuliitto.fi\/wp-content\/uploads\/2024\/12\/Vuokatti-Senior-Open-loppukilpailun-tulokset.pdf\">Lopputulokset<\/a><\/div><div><span style=\"font-size: large;\">Santasport Senior Open Rovaniemi\u00a0 \u00a0 06.01.-09.02.2025<\/span><\/div><div><a href=\"https:\/\/www.oulunkeilailuliitto.fi\/wp-content\/uploads\/2024\/12\/Santasport-SeniorOpenTalviprosentti-2025.pdf\">kutsu<\/a> \/ <a href=\"https:\/\/www.oulunkeilailuliitto.fi\/wp-content\/uploads\/2024\/12\/2025-Santasport-Senior-open.pdf\">olosuhde<\/a> \/ <a href=\"https:\/\/www.rovaniemenkeilailuliitto.com\/erikoiskilpailut\/tulos_210.htm\">tulosseuranta<\/a> \/ <a href=\"https:\/\/www.rovaniemenkeilailuliitto.com\/erikoiskilpailut\/tulos_211.htm\">tour-miehet<\/a> \/ <a href=\"https:\/\/www.rovaniemenkeilailuliitto.com\/erikoiskilpailut\/tulos_212.htm\">tour-naiset<\/a><\/div><div><span style=\"font-size: large;\">OKL Senior Open Oulu\u00a0 \u00a0 \u00a0 \u00a0 \u00a0 \u00a0\u00a0 03.02.-23.03.2025<\/span><\/div><div><p><a href=\"https:\/\/www.oulunkeilailuliitto.fi\/wp-content\/uploads\/2025\/02\/OKL-Senior-open-2025.2.pdf\">Kutsu<\/a> \/ <a href=\"https:\/\/www.oulunkeilailuliitto.fi\/wp-content\/uploads\/2025\/02\/SeniorOpen2025.pdf\">Olosuhde<\/a> \/ <a href=\"https:\/\/kilpailut.keilailu.fi\/competitions\/19044\/\">Tulosseuranta<\/a> \/ <a href=\"https:\/\/kilpailut.keilailu.fi\/competitions\/19047\/\">Tour- tilanne<\/a><\/p><\/div><div><span style=\"font-size: large;\">\u00a0<\/span><\/div><div><span style=\"font-size: large;\">L\u00e4ntinen lohko;<\/span><\/div><div><span style=\"font-size: large;\">Kokkola Senior Open\u00a0 \u00a0Kokkola\u00a0 \u00a0 \u00a0 \u00a0 \u00a0\u00a0 07.10.-10.11.2024<\/span><\/div><div><a href=\"https:\/\/www.oulunkeilailuliitto.fi\/wp-content\/uploads\/2024\/09\/Kokkola-Senior-Open-2024.pdf\">kutsu<\/a> \/ <a href=\"https:\/\/www.oulunkeilailuliitto.fi\/wp-content\/uploads\/2024\/09\/JUHLAKISA-2024.pdf\">kutsu yleinen<\/a> \/ <a href=\"https:\/\/www.oulunkeilailuliitto.fi\/wp-content\/uploads\/2024\/10\/Kokkola_venetsialaiskisa24.jpg\">olosuhde<\/a> \/ <a href=\"http:\/\/www.keilailu.nettihotelli.com\/kokkola\/erikoiskilpailut\/index.htm\">tulokset<\/a><\/div><div><span style=\"font-size: large;\">Pietarsaari Senior Open Pietarsaari\u00a0 \u00a0 28.10.-15.12.2024<\/span><\/div><div><a href=\"https:\/\/www.oulunkeilailuliitto.fi\/wp-content\/uploads\/2024\/10\/Pietarsaari-Senior-Open-2024.pdf\">kutsu<\/a> \/ <a href=\"https:\/\/www.oulunkeilailuliitto.fi\/wp-content\/uploads\/2024\/10\/Pietarsaaren-olosuhde.pdf\">olosuhde<\/a> \/ <a href=\"http:\/\/www.keilailu.nettihotelli.com\/pietarsaari\/erikoiskilpailut\/index.htm\">tulosseuranta<\/a><\/div><div><span style=\"font-size: large;\">Sein\u00e4joki Senior Open Sein\u00e4joki\u00a0 \u00a0 \u00a0 \u00a0 \u00a006.01.-23.02.2025<\/span><\/div><div><a href=\"https:\/\/www.oulunkeilailuliitto.fi\/wp-content\/uploads\/2025\/01\/Seinajoki-Senior-Open-2025.png\">kutsu<\/a> \/ <a href=\"https:\/\/www.oulunkeilailuliitto.fi\/wp-content\/uploads\/2025\/01\/Seinajoki-Senior-Open-olosuhde.jpg\">olosuhde<\/a> \/ <a href=\"http:\/\/www.bowldata.com\/Tavlingar\/vTulos.php?kausi=2425&amp;halli=34-01&amp;vk=0\">tulosseuranta<\/a><\/div><div><span style=\"font-size: large;\">Vaasa Senior Open\u00a0 \u00a0 \u00a0Vaasa\u00a0 \u00a0 \u00a0 \u00a0 \u00a0 \u00a0 \u00a0 18.02.-22.03.2025<\/span><\/div><div><a href=\"https:\/\/www.oulunkeilailuliitto.fi\/wp-content\/uploads\/2025\/02\/Vaasa-Senior-Open-2025.pdf\">kutsu<\/a> \/ <a href=\"https:\/\/www.oulunkeilailuliitto.fi\/wp-content\/uploads\/2025\/02\/Vaasa-Senior-Open-olosuhde.pdf\">olosuhde<\/a> \/ <a href=\"https:\/\/www.bowldata.com\/Tavlingar\/vTulos.php?kausi=2425&amp;halli=38-01&amp;vk=0\">tulosseuranta<\/a><\/div><div><span style=\"font-size: large;\">\u00a0<\/span><\/div><div><span style=\"font-size: large;\">Kiertue finaalit Kokkolan keilahalli<\/span><\/div><div><span style=\"font-size: large;\">Naiset\u00a0 \u00a005.04.2025<\/span><\/div><div><span style=\"font-size: large;\">Miehet\u00a0 06.04.2025<\/span><\/div>\t\t\t\t\t\t\t\t<\/div>\n\t\t\t\t<\/div>\n\t\t\t\t\t<\/div>\n\t\t\t\t<\/div>\n\t\t\t\t<\/div>\n\t\t","protected":false},"excerpt":{"rendered":"<p>Kausi 2025-2026 Finaalin aikataulut + palkinnot Miesten finaalin tulokset 6 sarjaa, Playoffit Naisten Tulokset Olosuhde \u00a0 Pohjoinen lohko;Santasport Senior Open 2025\u00a0 \u00a0 \u00a0 \u00a0 22.09.-26.10.2025Kutsu \/ olosuhde \/ tulosseuranta \/tour- miehet, tour- naisetTornio Senior Open 2025\u00a0 \u00a0 \u00a0 \u00a0 \u00a0 \u00a0 \u00a0 \u00a0 \u00a0 \u00a003.11.-14.12.2025Kutsu \/ olosuhde \/ tulosseuranta \/ tour-miehet, tour-naisetVuokatti Senior Open 2026\u00a0 &#8230; <a title=\"Nord Senior Tour\" class=\"read-more\" href=\"https:\/\/www.oulunkeilailuliitto.fi\/?page_id=615\" aria-label=\"Lue lis\u00e4\u00e4 aiheesta Nord Senior Tour\">Lue lis\u00e4\u00e4<\/a><\/p>\n","protected":false},"author":1,"featured_media":0,"parent":0,"menu_order":0,"comment_status":"closed","ping_status":"closed","template":"","meta":{"footnotes":""},"class_list":["post-615","page","type-page","status-publish"],"_links":{"self":[{"href":"https:\/\/www.oulunkeilailuliitto.fi\/index.php?rest_route=\/wp\/v2\/pages\/615","targetHints":{"allow":["GET"]}}],"collection":[{"href":"https:\/\/www.oulunkeilailuliitto.fi\/index.php?rest_route=\/wp\/v2\/pages"}],"about":[{"href":"https:\/\/www.oulunkeilailuliitto.fi\/index.php?rest_route=\/wp\/v2\/types\/page"}],"author":[{"embeddable":true,"href":"https:\/\/www.oulunkeilailuliitto.fi\/index.php?rest_route=\/wp\/v2\/users\/1"}],"replies":[{"embeddable":true,"href":"https:\/\/www.oulunkeilailuliitto.fi\/index.php?rest_route=%2Fwp%2Fv2%2Fcomments&post=615"}],"version-history":[{"count":172,"href":"https:\/\/www.oulunkeilailuliitto.fi\/index.php?rest_route=\/wp\/v2\/pages\/615\/revisions"}],"predecessor-version":[{"id":4703,"href":"https:\/\/www.oulunkeilailuliitto.fi\/index.php?rest_route=\/wp\/v2\/pages\/615\/revisions\/4703"}],"wp:attachment":[{"href":"https:\/\/www.oulunkeilailuliitto.fi\/index.php?rest_route=%2Fwp%2Fv2%2Fmedia&parent=615"}],"curies":[{"name":"wp","href":"https:\/\/api.w.org\/{rel}","templated":true}]}}